{"id":10,"date":"2018-06-26T00:06:52","date_gmt":"2018-06-26T03:06:52","guid":{"rendered":"http:\/\/zulmaprina.com.ar\/web\/?page_id=10"},"modified":"2025-08-25T14:53:03","modified_gmt":"2025-08-25T17:53:03","slug":"curriculum","status":"publish","type":"page","link":"https:\/\/zulmaprina.com.ar\/web\/curriculum\/","title":{"rendered":"CV de Zulma Prina"},"content":{"rendered":"\t\t<div data-elementor-type=\"wp-page\" data-elementor-id=\"10\" class=\"elementor elementor-10\">\n\t\t\t\t\t\t<section class=\"elementor-section elementor-top-section elementor-element elementor-element-7ea08b79 elementor-section-boxed elementor-section-height-default elementor-section-height-default\" data-id=\"7ea08b79\" data-element_type=\"section\" data-e-type=\"section\">\n\t\t\t\t\t\t<div class=\"elementor-container elementor-column-gap-default\">\n\t\t\t\t\t<div class=\"elementor-column elementor-col-100 elementor-top-column elementor-element elementor-element-36aa0a7e\" data-id=\"36aa0a7e\" data-element_type=\"column\" data-e-type=\"column\">\n\t\t\t<div class=\"elementor-widget-wrap elementor-element-populated\">\n\t\t\t\t\t\t<div class=\"elementor-element elementor-element-89eb9a9 elementor-view-default elementor-widget elementor-widget-icon\" data-id=\"89eb9a9\" data-element_type=\"widget\" data-e-type=\"widget\" data-widget_type=\"icon.default\">\n\t\t\t\t<div class=\"elementor-widget-container\">\n\t\t\t\t\t\t\t<div class=\"elementor-icon-wrapper\">\n\t\t\t<a class=\"elementor-icon\" href=\"http:\/\/www.zulmaprina.com.ar\/web\/Material\/CV-Zulma-Prina-2025.pdf\">\n\t\t\t<i aria-hidden=\"true\" class=\"fas fa-download\"><\/i>\t\t\t<\/a>\n\t\t<\/div>\n\t\t\t\t\t\t<\/div>\n\t\t\t\t<\/div>\n\t\t\t\t<div class=\"elementor-element elementor-element-254a7997 elementor-widget elementor-widget-text-editor\" data-id=\"254a7997\" data-element_type=\"widget\" data-e-type=\"widget\" data-widget_type=\"text-editor.default\">\n\t\t\t\t<div class=\"elementor-widget-container\">\n\t\t\t\t\t\t\t\t\t<div id=\"comp-icqzms2h\" class=\"c2\"><div id=\"comp-icqzms2hinlineContent\" class=\"c2inlineContent\"><div id=\"comp-icqzms2l1\" class=\"wp2\" title=\"\" data-exact-height=\"10\" data-content-padding-horizontal=\"0\" data-content-padding-vertical=\"0\"><div id=\"comp-icqzms2l1link\" class=\"wp2link\"><h2 style=\"text-align: center;\">DESCARGAR CV ACTUALIZADO DE ZULMA PRINA 2025:<\/h2><h2 id=\"comp-icqzms2l1img\" class=\"wp2img\" style=\"text-align: center;\"><a href=\"http:\/\/www.zulmaprina.com.ar\/web\/Material\/CV-Zulma-Prina-2025.pdf\"><span class=\"backcolor_31\">CV Actualizado en PDF<\/span><\/a><\/h2><\/div><\/div><\/div><\/div><div id=\"comp-jbxwy1rk\" class=\"txtNew\" data-packed=\"false\" data-min-height=\"45\"><p class=\"font_8\">\u00a0<\/p><\/div>\t\t\t\t\t\t\t\t<\/div>\n\t\t\t\t<\/div>\n\t\t\t\t<div class=\"elementor-element elementor-element-8b2411d elementor-widget elementor-widget-text-editor\" data-id=\"8b2411d\" data-element_type=\"widget\" data-e-type=\"widget\" data-widget_type=\"text-editor.default\">\n\t\t\t\t<div class=\"elementor-widget-container\">\n\t\t\t\t\t\t\t\t\t<div id=\"comp-icqzms2h\" class=\"c2\"><div id=\"comp-icqzms2hinlineContent\" class=\"c2inlineContent\"><div id=\"comp-icqzms2l1\" class=\"wp2\" title=\"\" data-exact-height=\"10\" data-content-padding-horizontal=\"0\" data-content-padding-vertical=\"0\"><div id=\"comp-icqzms2l1link\" class=\"wp2link\"><h2 id=\"comp-icqzms2l1img\" class=\"wp2img\" style=\"text-align: center;\"><strong style=\"font-size: 16px;\"><span class=\"wixGuard\">Algunas actividades de Zulma Esther Prina:<\/span><\/strong><\/h2><\/div><\/div><\/div><\/div><div id=\"comp-jbxwy1rk\" class=\"txtNew\" data-packed=\"false\" data-min-height=\"45\"><p class=\"font_8\">Presidente de la Academia Argentina de Literatura Infantil y Juvenil -hasta marzo de 2019 <a href=\"http:\/\/academiaargentinadelij.org\/comision-directiva\/\" target=\"_blank\" rel=\"nofollow noopener noreferrer\" data-content=\"http:\/\/academiaargentinadelij.org\/comision-directiva\/\" data-type=\"external\">http:\/\/academiaargentinadelij.org\/comision-directiva\/<\/a><\/p><p>Actualmente se desempe\u00f1a como RRPP de la ALIJ<\/p><p><b>Desde 2019 Comisi\u00f3n \u00a0de\u00a0 literatura infantil de la Fundaci\u00f3n el libro.<\/b><\/p><p class=\"font_8\">Ella comparte actividades con otras instituciones.<\/p><p class=\"font_8\">Es representante de la Asociaci\u00f3n amigos de educaci\u00f3n art\u00edstica (AAEA) en la Federaci\u00f3n arte y cultura de la Rep\u00fablica Argentina (FACRA)<\/p><p class=\"font_8\">FACRA est\u00e1 integrada por representantes de distintas instituciones culturales del pa\u00eds. Realiza diversas actividades que ayuden a impulsar la cultura.<\/p><p class=\"font_8\"><a href=\"http:\/\/zulmaprina.com.ar\/web\/Material\/2012-FACRA-CURAR-POR-EL-ARTE.pdf\">FACRA &#8220;Curar por el arte 2012&#8221;<\/a>\u00a0\u00a0\u00a0\u00a0 |\u00a0\u00a0\u00a0\u00a0\u00a0<a href=\"http:\/\/zulmaprina.com.ar\/web\/Material\/facra-aalij-legislatura-port.doc\">FACRA y AALIJ Frente a la Legislatura Porte\u00f1a<\/a><\/p><p class=\"font_2\"><strong><span class=\"color_8\">Datos Personales:<\/span><\/strong><\/p><p class=\"font_7\"><span class=\"color_2\">Nacionalidad: Argentina<\/span><\/p><p class=\"font_7\"><span class=\"color_2\">Nacida en el barrio de Parque de los Patricios<\/span><\/p><p class=\"font_7\"><span class=\"color_2\">Tel\u00e9fono: 011 15.5704.7870\u00a0 \u00a0 \u00a0\u00a0<\/span><span class=\"color_2\">E-mail:\u00a0 \u00a0\u00a0<\/span><a href=\"http:\/\/zulmaeprina2491.wixsite.com\/index\/contactenos\" target=\"_self\" rel=\"noopener noreferrer\"><span class=\"color_2\">\u00a0\u00a0 zulmaprina@gmail.com<\/span><\/a><\/p><p class=\"font_2\"><strong><span class=\"color_8\">Algunos de mis estudios:<\/span><\/strong><\/p><div id=\"comp-idbxvctl\" class=\"txtNew\" data-packed=\"true\"><p class=\"font_7\"><span class=\"color_2\">Profesora Normal y Especial en Letras: Facultad de Filosof\u00eda y Letras U.B.A.<\/span><\/p><p class=\"font_7\"><span class=\"color_2\">Profesora de Altos Estudios Franceses: Especialidad Literatura. Aliance Francaise<\/span><\/p><p class=\"font_7\"><span class=\"color_2\">Maestr\u00eda en An\u00e1lisis del discurso. Facultad de Filosof\u00eda y Letras. U.B.A.<\/span><\/p><p class=\"font_7\"><span class=\"color_2\">Trabaj\u00e9 y trabajo como (entre otros)<\/span><\/p><p class=\"font_7\"><span class=\"color_2\">Docente nivel primario<\/span><\/p><p class=\"font_7\"><span class=\"color_2\">Profesora de Lengua. Programa de Reconversi\u00f3n. Universidad de La Matanza<\/span><\/p><p class=\"font_7\"><span class=\"color_2\">Profesora adjunta de Oratoria y Lectura Comprensiva en Fac. Ciencias de la Comunicaci\u00f3n y T\u00e9cnicas Especiales \u2013 Univ. de Mor\u00f3n.\u00a0<\/span><\/p><p class=\"font_7\"><span class=\"color_2\">Dict\u00e9 cursos para docentes sobre\u00a0<\/span><span class=\"color_2\">Literatura Infantil y Juvenil; Periodismo escolar; Literatura hispanoamericana<\/span><\/p><p class=\"font_7\"><span class=\"color_2\">Taller \u201cComprensi\u00f3n Lectora\u201d para equipos de conducci\u00f3n<\/span><\/p><p class=\"font_7\"><span class=\"color_2\">Creatividad y comunicaci\u00f3n<\/span><\/p><p class=\"font_7\"><span class=\"color_2\">Integraci\u00f3n Lengua-\u00c1reas Art\u00edsticas<\/span><\/p><p class=\"font_7\"><span class=\"color_2\">Interdisciplinariedad, planeamiento, aula-taller<\/span><\/p><p class=\"font_7\"><span class=\"color_2\">El teatro y la comunicaci\u00f3n<\/span><\/p><p class=\"font_7\"><span class=\"color_2\">Para adultos hice:<\/span><\/p><p class=\"font_7\"><span class=\"color_2\">Talleres literarios y dict\u00e8 un Ciclo de Literatura Infantil<\/span><\/p><p class=\"font_7\"><span class=\"color_2\">Y dict\u00e8 los cursos: \u201cLectura en profundidad\u201d; \u201cLiteratura infantil\u201d y \u201cPuesta en libro, puesta en texto\u201d<\/span><\/p><p class=\"font_7\"><span class=\"color_2\">Extensi\u00f3n Universitaria de UBA<\/span><\/p><p class=\"font_7\"><span class=\"color_2\">Realic\u00e9 estudios de investigaci\u00f3n en\u00a0<\/span><span class=\"color_2\">Literatura infantil bajo la direcci\u00f3n de Mar\u00eda Hortensia Lacau<\/span><\/p><p class=\"font_7\"><span class=\"color_2\">Literatura Hispanoamericana en el Departamento de Literatura Hispanoamericana bajo la direcci\u00f3n del Dr. Le\u00f3n Lajmanovich del Dto. De Literatura Hispanoamericana de la F. Filosof\u00eda y Letras. U.B.A.<\/span><\/p><p class=\"font_7\"><span class=\"color_2\">Seminario de postgrado: \u201cEl modernismo hispanoamericano como b\u00fasqueda de identidad\u201d con investigaci\u00f3n sobre la obra de Carlos Fuentes. F. Filosof\u00eda y Letras U.B.A.<\/span><\/p><p class=\"font_7\"><span class=\"color_2\">Seminario de doctorado: \u201cAproximaci\u00f3n a la obra de Juan Goytisolo\u201d. F. Filosof\u00eda y Letras. U.B.A.<\/span><\/p><p class=\"font_7\"><span class=\"color_2\">Publiqu\u00e9 estos libros:<\/span><\/p><p class=\"font_7\"><span class=\"color_2\">*\u00a0Una experiencia alfabetizadora\u00a0Publicaci\u00f3n e&#8217;Book<\/span><\/p><p class=\"font_7\"><span class=\"color_2\">* Participaci\u00f3n en la elaboraci\u00f3n de la \u201cEdici\u00f3n cr\u00edtico-gen\u00e9tica de La guerra gaucha\u201d<\/span><\/p><p class=\"font_7\"><span class=\"color_2\">Coordinada por la Dra. Elida Lois para la Colecci\u00f3n Archivos (Programa Internacional Archivos) patrocinado por la Association Archives de la litt\u00e9rature latino-am\u00e9ricaine, des Caribes et africaine du XXe. S. de l\u00b4Universit\u00e9 de Paris X- CNRS- UNESCO.- Fac. Fil. y Letras UBA<\/span><\/p><p class=\"font_7\"><span class=\"color_2\">*\u00a0El arte y la creatividad en la escuela\u00a0.- Plus Ultra<\/span><\/p><p class=\"font_7\"><span class=\"color_2\">*\u00a0Periodismo y periodismo escolar\u00a0.- Plus Ultra<\/span><\/p><p class=\"font_7\"><span class=\"color_2\">*\u00a0El mestizaje en Am\u00e9rica: mito y realidad en Jos\u00e9 M. Arguedas\u00a0.- Encuentro<\/span><\/p><p class=\"font_7\"><span class=\"color_2\">*\u00a0La literatura y el taller en la educaci\u00f3n\u00a0.- Encuentro<\/span><\/p><p class=\"font_7\"><span class=\"color_2\">* Lectura simb\u00f3lica a La muerte de Artemio Cruz de Carlos Fuentes\u00a0. Audiolibro; Buenos Aires, HRMSYSTEM.<\/span><\/p><p class=\"font_7\"><span class=\"color_2\">* M\u00f3dulo de Lengua de la Enciclopedia Billiken de la Editorial Atl\u00e1ntida. Coautora con Claudia Andrea Seghezzo<\/span><\/p><p class=\"font_7\"><span class=\"color_2\">*\u00a0Los distintos tipos textuales y su aplicaci\u00f3n en el aula\u00a0. Coautora con Raquel M. Barthe. A Construir<\/span><\/p><p class=\"font_7\"><span class=\"color_2\">*Hacia una nueva mirada en la tarea alfabetizadora.-Kimeln<\/span><\/p><p class=\"font_7\"><span class=\"color_2\">*Horas Felices y otros cuentos para ni\u00f1os y adolescentes de Aldo Tibaudin.-Coautora de la Antolog\u00eda con Carlos Pensa.- Hombre y camino<\/span><\/p><p class=\"font_7\"><span class=\"color_2\">*\u00a0Espejo del mediod\u00eda\u00a0. Poemas.- Ag\u00f3n<\/span><\/p><p class=\"font_7\"><span class=\"color_2\">*\u00a0Tiempo de todos\u00a0. Poemas -EFECE<\/span><\/p><p class=\"font_7\"><span class=\"color_2\">*\u00a0Desde tu penumbra\u00a0. Poemas.- Rosalo<\/span><\/p><p class=\"font_7\"><span class=\"color_2\">*\u00a0Despu\u00e9s del olvido-\u00a0Poema.- Plus Ultra con el auspicio del Fondo Nac. de las Artes<\/span><\/p><p class=\"font_8\">* Una experiencia en la tarea alfabetizadora. Editorial ETHOS ee`book 100\u2019. Distribuci\u00f3n espa\u00f1ola.<\/p><p class=\"font_8\">* Los distintos tipos textuales y su aplicaci\u00f3n en el aula. Coautora con Raquel M. Barthe. A Construir M.V.\u00a0 ediciones 2005<\/p><p class=\"font_8\">* Pr\u00e1cticas para una lectura creadora Coautora con Raquel Barthe y Mar\u00eda Cecilia Cortese\u00a0 A Construir M.V. ediciones 2007<\/p><p class=\"font_8\">* Periodismo escolar para docentes Coautora con Raquel Barthe.\u00a0 A Construir M.V. ediciones\u00a0\u00a0 2008<\/p><p class=\"font_7\"><span class=\"color_2\">5. Particip\u00e9 en Congresos y Jornadas\u00a0(entre otros, siempre sobre lengua y literatura)<\/span><\/p><p class=\"font_7\"><span class=\"color_2\">* 1\u00aa jornadas pedag\u00f3gicas Consejo Nacional de Educaci\u00f3n. Expositora (1\u00aa menci\u00f3n).<\/span><\/p><p class=\"font_7\"><span class=\"color_2\">* IV Simposio Internacional de Literatura: \u201cLiteratura e Identidad Latinoamericana, Siglo XX \u2013 Instituto Literario y Cultural Hisp\u00e1nico \u2013 Westminter, California, U.S.A.- 1987. Miembro Coordinador y Expositor. Tem\u00e1tica: \u201c\u00a0La poes\u00eda en latinoam\u00e9rica\u201d<\/span><\/p><p class=\"font_7\"><span class=\"color_2\">* Congreso Iberoamericano de Inform\u00e1tica Educativa. Universidad Aut\u00f3noma de Santo Domingo, 1992: Secretar\u00eda de Estado de Educaci\u00f3n (representante por el G.C.B.A. Secretar\u00eda de Educaci\u00f3n)<\/span><\/p><p class=\"font_7\"><span class=\"color_2\">* Cuarto Congreso Nacional de la Promoci\u00f3n de la Lectura y el Libro.\u00a0\u201cLa lectura, un asunto de la escuela. Una mirada social\u201d- Expositora en mesa redonda. 27\u00ba Feria Internacional del Libro- Buenos Aires. Argentina<\/span><\/p><p class=\"font_7\"><span class=\"color_2\">* 10\u00ba Jornadas Internacionales de Educaci\u00f3n: El Impacto de los Cambios Culturales en la Educaci\u00f3n.\u00a0\u201cLos problemas Sociales y laTarea del Aula\u201dExpositora 26\u00ba Feria Internacional del Libro-Buenos Aires. Argentina<\/span><\/p><\/div><div id=\"comp-idbxwueq\" class=\"txtNew\" data-packed=\"true\"><p class=\"font_7\"><span class=\"color_2\">Colabor\u00e9 en radio y televisi\u00f3n-<\/span><\/p><p class=\"font_7\"><span class=\"color_2\">* Radio Nacional \u201cPsicolog\u00eda del Adolescente\u201d<\/span><\/p><p class=\"font_7\"><span class=\"color_2\">\u201cEl ni\u00f1o y el adolescente\u201d<\/span><\/p><p>\u00a0<\/p><\/div><p><strong>PARA VER EL CV COMPLETO Y ACTUALIZADO DESCARGAR ARCHIVO\u00a0<a href=\"http:\/\/www.zulmaprina.com.ar\/web\/Material\/CV-Zulma-Prina-2025.pdf\"><span class=\"backcolor_31\">CV Actualizado en PDF<\/span><\/a><\/strong><\/p><\/div>\t\t\t\t\t\t\t\t<\/div>\n\t\t\t\t<\/div>\n\t\t\t\t\t<\/div>\n\t\t<\/div>\n\t\t\t\t\t<\/div>\n\t\t<\/section>\n\t\t\t\t<\/div>\n\t\t","protected":false},"excerpt":{"rendered":"<p>DESCARGAR CV ACTUALIZADO DE ZULMA PRINA 2025: CV Actualizado en PDF \u00a0 Algunas actividades de Zulma Esther Prina: Presidente de la Academia Argentina de Literatura Infantil y Juvenil -hasta marzo de 2019 http:\/\/academiaargentinadelij.org\/comision-directiva\/ Actualmente se desempe\u00f1a como RRPP de la ALIJ Desde 2019 Comisi\u00f3n \u00a0de\u00a0 literatura infantil de la Fundaci\u00f3n el libro. Ella comparte actividades [&hellip;]<\/p>\n","protected":false},"author":1,"featured_media":0,"parent":0,"menu_order":0,"comment_status":"closed","ping_status":"closed","template":"","meta":{"footnotes":""},"class_list":["post-10","page","type-page","status-publish","hentry"],"_links":{"self":[{"href":"https:\/\/zulmaprina.com.ar\/web\/wp-json\/wp\/v2\/pages\/10","targetHints":{"allow":["GET"]}}],"collection":[{"href":"https:\/\/zulmaprina.com.ar\/web\/wp-json\/wp\/v2\/pages"}],"about":[{"href":"https:\/\/zulmaprina.com.ar\/web\/wp-json\/wp\/v2\/types\/page"}],"author":[{"embeddable":true,"href":"https:\/\/zulmaprina.com.ar\/web\/wp-json\/wp\/v2\/users\/1"}],"replies":[{"embeddable":true,"href":"https:\/\/zulmaprina.com.ar\/web\/wp-json\/wp\/v2\/comments?post=10"}],"version-history":[{"count":13,"href":"https:\/\/zulmaprina.com.ar\/web\/wp-json\/wp\/v2\/pages\/10\/revisions"}],"predecessor-version":[{"id":1842,"href":"https:\/\/zulmaprina.com.ar\/web\/wp-json\/wp\/v2\/pages\/10\/revisions\/1842"}],"wp:attachment":[{"href":"https:\/\/zulmaprina.com.ar\/web\/wp-json\/wp\/v2\/media?parent=10"}],"curies":[{"name":"wp","href":"https:\/\/api.w.org\/{rel}","templated":true}]}}