{"id":110,"date":"2018-06-27T17:55:45","date_gmt":"2018-06-27T20:55:45","guid":{"rendered":"http:\/\/zulmaprina.com.ar\/web\/?page_id=110"},"modified":"2018-06-27T17:55:45","modified_gmt":"2018-06-27T20:55:45","slug":"editing-redaccion-correccion-de-estilo","status":"publish","type":"page","link":"https:\/\/zulmaprina.com.ar\/web\/escritura\/editing-redaccion-correccion-de-estilo\/","title":{"rendered":"EDITING-REDACCION-CORRECCION DE ESTILO"},"content":{"rendered":"<h2 class=\"font_2\">Recuperando la magia de la palabra.<\/h2>\n<div id=\"WRchTxt1z\" class=\"txtNew\" data-packed=\"false\" data-min-height=\"167\">\n<p class=\"font_7\"><span class=\"color_2\">\u00bfPor qu\u00e9 recuperar la palabra?<\/span><\/p>\n<p class=\"font_7\"><span class=\"color_2\">Porque hemos perdido un caudal maravilloso a trav\u00e9s de nuestra lengua. Podr\u00edamos decir que es el v\u00e9rtigo en que estamos inmersos, la falta de tiempo y la necesidad de abreviar todo. Comprimimos nuestro lenguaje, hacemos abstracci\u00f3n y reducimos el vocabulario.<\/span><\/p>\n<p class=\"font_7\"><span class=\"color_2\">Pero en este reducir est\u00e1 impl\u00edcita la reducci\u00f3n de nuestro mundo. Cuanto menos palabras manejamos, menos posibilidades de comprender el mundo y de expresar nuestros pensamientos. Se reduce as\u00ed nuestra libertad, nuestra posibilidad de razonar, de\u00a0ver\u00a0la realidad, de volar.<\/span><\/p>\n<p class=\"font_7\"><span class=\"color_2\">Por eso tratamos, desde una metodolog\u00eda constructivista, que se apoya en el estudio de los distintos tipos textuales y t\u00e9cnicas de taller, abordar la ense\u00f1anza del lenguaje. El estudio del lenguaje, o lo que se da en llamar\u00a0discurso,\u00a0parte de la necesidad de encontrar estrategias que permitan comprender, analizar, relacionar los diferentes discursos, apropiarse de la palabra, profundizar el mensaje.<\/span><\/p>\n<p class=\"font_7\"><span class=\"color_2\">El prop\u00f3sito entonces, es abrir una perspectiva sobre las posibilidades que ofrece todo texto, para que resulte beneficioso encontrar nuevos conceptos sobre la dimensi\u00f3n del fen\u00f3meno que comporta la lectura y la escritura.<\/span><\/p>\n<\/div>\n<div id=\"comp-icrwuydm\" class=\"txtNew\" data-packed=\"true\">\n<h4 class=\"font_6\"><span class=\"color_13\"><em>Editing del ensayo<\/em><\/span><\/h4>\n<p class=\"font_7\"><span class=\"color_2\">Desmanicomializaci\u00f3n de Jos\u00e9 Schiappa Pietra, publicado por el Fondo Editorial Rionegrino dependiente de la Universidad de R\u00edo Negro y el apoyo del Gobierno de la\u00a0Provinciade R\u00edo Negro. El Editing implica la correcci\u00f3n de estilo m\u00e1s la correcci\u00f3n del discurso (macro y micro). Todo, en una constante comunicaci\u00f3n con el autor, ya que esta correcci\u00f3n apunta a la comprensi\u00f3n del texto.La correcci\u00f3n de estilo es la correcci\u00f3n de ortograf\u00eda, signos de puntuaci\u00f3n y\u00a0errores de vocabulario, mal uso de t\u00e9rminos, repeticiones, cacofon\u00edas. Siempre se consultan las correcciones con el autor, quien debe dar su visto bueno. \u00a0<\/span><\/p>\n<p class=\"font_7\"><span class=\"color_2\">Realic\u00e9 (entre otros) la correcci\u00f3n de estilo del ensayo: Bosque afuera Comunicaci\u00f3n saludable y creativa\u00a0\u00a0Coordinaci\u00f3n:\u00a0Juan Ra\u00fal Rithner.<\/span><\/p>\n<p class=\"font_7\"><span class=\"color_2\">Comunicaci\u00f3n saludable y creativa\u00a0\u00a0<\/span><\/p>\n<p class=\"font_7\"><span class=\"color_2\">Coordinaci\u00f3n:\u00a0Juan Ra\u00fal Rithner\u00a0\u00a0\u00a0\u00a0<\/span><\/p>\n<p class=\"font_7\"><span class=\"color_2\">Comunicaci\u00f3n Interpersonal y Grupal<\/span><\/p>\n<p class=\"font_7\"><span class=\"color_2\">Orientaci\u00f3n Gesti\u00f3n y Producci\u00f3n<\/span><\/p>\n<p class=\"font_7\"><span class=\"color_2\">Licenciatura en Comunicaci\u00f3n Social<\/span><\/p>\n<p class=\"font_7\"><span class=\"color_2\">Facultad de Derecho y Ciencias Sociales<\/span><\/p>\n<p class=\"font_7\"><span class=\"color_2\">Universidad Nacional del Comahue<\/span><\/p>\n<p class=\"font_7\"><span class=\"color_2\">General Roca, R\u00edo Negro, Patagonia, Argentina, 2006<\/span><\/p>\n<p class=\"font_7\"><span class=\"color_2\">\u00a0Dise\u00f1o gr\u00e1fico: Leopoldo Zalazar<\/span><\/p>\n<p class=\"font_7\"><span class=\"color_2\">Dise\u00f1o y Realizaci\u00f3n de Tapa: Gustavo Gzain<\/span><\/p>\n<p class=\"font_7\"><span class=\"color_2\">Fotograf\u00edas: Mar\u00eda Hayd\u00e9e Escudero<\/span><\/p>\n<p class=\"font_7\"><span class=\"color_2\">\u00a0\u00a9 PubliFadecs<\/span><\/p>\n<p class=\"font_7\"><span class=\"color_2\">General Roca, R\u00edo Negro. Rep\u00fablica Argentina<\/span><\/p>\n<p><img fetchpriority=\"high\" decoding=\"async\" class=\"alignnone size-medium wp-image-106\" src=\"http:\/\/zulmaprina.com.ar\/web\/wp-content\/uploads\/2018\/06\/313455_52dbe0725bc341f6adf24fae14de6213-236x300.png\" alt=\"\" width=\"236\" height=\"300\" srcset=\"https:\/\/zulmaprina.com.ar\/web\/wp-content\/uploads\/2018\/06\/313455_52dbe0725bc341f6adf24fae14de6213-236x300.png 236w, https:\/\/zulmaprina.com.ar\/web\/wp-content\/uploads\/2018\/06\/313455_52dbe0725bc341f6adf24fae14de6213.png 275w\" sizes=\"(max-width: 236px) 100vw, 236px\" \/> <img decoding=\"async\" class=\"alignnone size-medium wp-image-107\" src=\"http:\/\/zulmaprina.com.ar\/web\/wp-content\/uploads\/2018\/06\/desmanicomializacion-236x300.png\" alt=\"\" width=\"236\" height=\"300\" srcset=\"https:\/\/zulmaprina.com.ar\/web\/wp-content\/uploads\/2018\/06\/desmanicomializacion-236x300.png 236w, https:\/\/zulmaprina.com.ar\/web\/wp-content\/uploads\/2018\/06\/desmanicomializacion.png 275w\" sizes=\"(max-width: 236px) 100vw, 236px\" \/><\/p>\n<p class=\"font_7\">\n<\/div>\n<div id=\"Cntnrt\" class=\"c1\">\n<div id=\"Cntnrtbg\" class=\"c1bg\"><\/div>\n<div id=\"CntnrtinlineContent\" class=\"c1inlineContent\">\n<div id=\"WPhts\" class=\"wp2\" title=\"\" data-exact-height=\"10\" data-content-padding-horizontal=\"0\" data-content-padding-vertical=\"0\">\n<div id=\"WPhtslink\" class=\"wp2link\"><\/div>\n<\/div>\n<\/div>\n<\/div>\n","protected":false},"excerpt":{"rendered":"<p>Recuperando la magia de la palabra. \u00bfPor qu\u00e9 recuperar la palabra? Porque hemos perdido un caudal maravilloso a trav\u00e9s de nuestra lengua. Podr\u00edamos decir que es el v\u00e9rtigo en que estamos inmersos, la falta de tiempo y la necesidad de abreviar todo. Comprimimos nuestro lenguaje, hacemos abstracci\u00f3n y reducimos el vocabulario. Pero en este reducir [&hellip;]<\/p>\n","protected":false},"author":1,"featured_media":0,"parent":8,"menu_order":0,"comment_status":"closed","ping_status":"closed","template":"","meta":{"footnotes":""},"class_list":["post-110","page","type-page","status-publish","hentry"],"_links":{"self":[{"href":"https:\/\/zulmaprina.com.ar\/web\/wp-json\/wp\/v2\/pages\/110","targetHints":{"allow":["GET"]}}],"collection":[{"href":"https:\/\/zulmaprina.com.ar\/web\/wp-json\/wp\/v2\/pages"}],"about":[{"href":"https:\/\/zulmaprina.com.ar\/web\/wp-json\/wp\/v2\/types\/page"}],"author":[{"embeddable":true,"href":"https:\/\/zulmaprina.com.ar\/web\/wp-json\/wp\/v2\/users\/1"}],"replies":[{"embeddable":true,"href":"https:\/\/zulmaprina.com.ar\/web\/wp-json\/wp\/v2\/comments?post=110"}],"version-history":[{"count":1,"href":"https:\/\/zulmaprina.com.ar\/web\/wp-json\/wp\/v2\/pages\/110\/revisions"}],"predecessor-version":[{"id":111,"href":"https:\/\/zulmaprina.com.ar\/web\/wp-json\/wp\/v2\/pages\/110\/revisions\/111"}],"up":[{"embeddable":true,"href":"https:\/\/zulmaprina.com.ar\/web\/wp-json\/wp\/v2\/pages\/8"}],"wp:attachment":[{"href":"https:\/\/zulmaprina.com.ar\/web\/wp-json\/wp\/v2\/media?parent=110"}],"curies":[{"name":"wp","href":"https:\/\/api.w.org\/{rel}","templated":true}]}}

<h2 class="font_2">Recuperando la magia de la palabra.</h2>
<div id="WRchTxt1z" class="txtNew" data-packed="false" data-min-height="167">
<p class="font_7"><span class="color_2">¿Por qué recuperar la palabra?</span></p>
<p class="font_7"><span class="color_2">Porque hemos perdido un caudal maravilloso a través de nuestra lengua. Podríamos decir que es el vértigo en que estamos inmersos, la falta de tiempo y la necesidad de abreviar todo. Comprimimos nuestro lenguaje, hacemos abstracción y reducimos el vocabulario.</span></p>
<p class="font_7"><span class="color_2">Pero en este reducir está implícita la reducción de nuestro mundo. Cuanto menos palabras manejamos, menos posibilidades de comprender el mundo y de expresar nuestros pensamientos. Se reduce así nuestra libertad, nuestra posibilidad de razonar, de ver la realidad, de volar.</span></p>
<p class="font_7"><span class="color_2">Por eso tratamos, desde una metodología constructivista, que se apoya en el estudio de los distintos tipos textuales y técnicas de taller, abordar la enseñanza del lenguaje. El estudio del lenguaje, o lo que se da en llamar discurso, parte de la necesidad de encontrar estrategias que permitan comprender, analizar, relacionar los diferentes discursos, apropiarse de la palabra, profundizar el mensaje.</span></p>
<p class="font_7"><span class="color_2">El propósito entonces, es abrir una perspectiva sobre las posibilidades que ofrece todo texto, para que resulte beneficioso encontrar nuevos conceptos sobre la dimensión del fenómeno que comporta la lectura y la escritura.</span></p>
</div>
<div id="comp-icrwuydm" class="txtNew" data-packed="true">
<h4 class="font_6"><span class="color_13"><em>Editing del ensayo</em></span></h4>
<p class="font_7"><span class="color_2">Desmanicomialización de José Schiappa Pietra, publicado por el Fondo Editorial Rionegrino dependiente de la Universidad de Río Negro y el apoyo del Gobierno de la Provinciade Río Negro. El Editing implica la corrección de estilo más la corrección del discurso (macro y micro). Todo, en una constante comunicación con el autor, ya que esta corrección apunta a la comprensión del texto.La corrección de estilo es la corrección de ortografía, signos de puntuación y errores de vocabulario, mal uso de términos, repeticiones, cacofonías. Siempre se consultan las correcciones con el autor, quien debe dar su visto bueno.  </span></p>
<p class="font_7"><span class="color_2">Realicé (entre otros) la corrección de estilo del ensayo: Bosque afuera Comunicación saludable y creativa  Coordinación: Juan Raúl Rithner.</span></p>
<p class="font_7"><span class="color_2">Comunicación saludable y creativa  </span></p>
<p class="font_7"><span class="color_2">Coordinación: Juan Raúl Rithner    </span></p>
<p class="font_7"><span class="color_2">Comunicación Interpersonal y Grupal</span></p>
<p class="font_7"><span class="color_2">Orientación Gestión y Producción</span></p>
<p class="font_7"><span class="color_2">Licenciatura en Comunicación Social</span></p>
<p class="font_7"><span class="color_2">Facultad de Derecho y Ciencias Sociales</span></p>
<p class="font_7"><span class="color_2">Universidad Nacional del Comahue</span></p>
<p class="font_7"><span class="color_2">General Roca, Río Negro, Patagonia, Argentina, 2006</span></p>
<p class="font_7"><span class="color_2"> Diseño gráfico: Leopoldo Zalazar</span></p>
<p class="font_7"><span class="color_2">Diseño y Realización de Tapa: Gustavo Gzain</span></p>
<p class="font_7"><span class="color_2">Fotografías: María Haydée Escudero</span></p>
<p class="font_7"><span class="color_2"> © PubliFadecs</span></p>
<p class="font_7"><span class="color_2">General Roca, Río Negro. República Argentina</span></p>
<p><img fetchpriority="high" decoding="async" class="alignnone size-medium wp-image-106" src="http://zulmaprina.com.ar/web/wp-content/uploads/2018/06/313455_52dbe0725bc341f6adf24fae14de6213-236x300.png" alt="" width="236" height="300" srcset="https://zulmaprina.com.ar/web/wp-content/uploads/2018/06/313455_52dbe0725bc341f6adf24fae14de6213-236x300.png 236w, https://zulmaprina.com.ar/web/wp-content/uploads/2018/06/313455_52dbe0725bc341f6adf24fae14de6213.png 275w" sizes="(max-width: 236px) 100vw, 236px" /> <img decoding="async" class="alignnone size-medium wp-image-107" src="http://zulmaprina.com.ar/web/wp-content/uploads/2018/06/desmanicomializacion-236x300.png" alt="" width="236" height="300" srcset="https://zulmaprina.com.ar/web/wp-content/uploads/2018/06/desmanicomializacion-236x300.png 236w, https://zulmaprina.com.ar/web/wp-content/uploads/2018/06/desmanicomializacion.png 275w" sizes="(max-width: 236px) 100vw, 236px" /></p>
<p class="font_7">
</div>
<div id="Cntnrt" class="c1">
<div id="Cntnrtbg" class="c1bg"></div>
<div id="CntnrtinlineContent" class="c1inlineContent">
<div id="WPhts" class="wp2" title="" data-exact-height="10" data-content-padding-horizontal="0" data-content-padding-vertical="0">
<div id="WPhtslink" class="wp2link"></div>
</div>
</div>
</div>

<p>Recuperando la magia de la palabra. ¿Por qué recuperar la palabra? Porque hemos perdido un caudal maravilloso a través de nuestra lengua. Podríamos decir que es el vértigo en que estamos inmersos, la falta de tiempo y la necesidad de abreviar todo. Comprimimos nuestro lenguaje, hacemos abstracción y reducimos el vocabulario. Pero en este reducir [&hellip;]</p>
