{"id":8,"date":"2018-06-26T00:06:40","date_gmt":"2018-06-26T03:06:40","guid":{"rendered":"http:\/\/zulmaprina.com.ar\/web\/?page_id=8"},"modified":"2018-07-18T13:33:58","modified_gmt":"2018-07-18T16:33:58","slug":"escritura","status":"publish","type":"page","link":"https:\/\/zulmaprina.com.ar\/web\/escritura\/","title":{"rendered":"Escritura"},"content":{"rendered":"<div id=\"Cntnrt\" class=\"c1\">\n<div id=\"CntnrtinlineContent\" class=\"c1inlineContent\">\n<div id=\"WPhts\" class=\"wp2\" title=\"\" data-exact-height=\"10\" data-content-padding-horizontal=\"0\" data-content-padding-vertical=\"0\">\n<h4><a href=\"http:\/\/zulmaprina.com.ar\/web\/escritura\/algunos-de-mis-trabajos-de-investigacion\/\">Algunos de mis trabajos de investigaci\u00f3n<\/a><\/h4>\n<h4><a href=\"http:\/\/zulmaprina.com.ar\/web\/escritura\/editing-redaccion-correccion-de-estilo\/\">EDITING-REDACCION-CORRECCION DE ESTILO. Recuperando la magia de la palabra.<\/a><\/h4>\n<h4><a href=\"http:\/\/zulmaprina.com.ar\/web\/escritura\/la-educacion-artistica-y-la-cultura-del-silencio\/\">La educaci\u00f3n art\u00edstica y la cultura del silencio<\/a><\/h4>\n<h4><a href=\"http:\/\/zulmaprina.com.ar\/web\/escritura\/poesia-amor-america-tu-nombre\/\">Poes\u00eda \u2013 Amor \u2013 Am\u00e9rica, tu nombre.<\/a><\/h4>\n<\/div>\n<\/div>\n<\/div>\n","protected":false},"excerpt":{"rendered":"<p>Algunos de mis trabajos de investigaci\u00f3n EDITING-REDACCION-CORRECCION DE ESTILO. Recuperando la magia de la palabra. La educaci\u00f3n art\u00edstica y la cultura del silencio Poes\u00eda \u2013 Amor \u2013 Am\u00e9rica, tu nombre.<\/p>\n","protected":false},"author":1,"featured_media":0,"parent":0,"menu_order":0,"comment_status":"closed","ping_status":"closed","template":"","meta":{"footnotes":""},"class_list":["post-8","page","type-page","status-publish","hentry"],"_links":{"self":[{"href":"https:\/\/zulmaprina.com.ar\/web\/wp-json\/wp\/v2\/pages\/8","targetHints":{"allow":["GET"]}}],"collection":[{"href":"https:\/\/zulmaprina.com.ar\/web\/wp-json\/wp\/v2\/pages"}],"about":[{"href":"https:\/\/zulmaprina.com.ar\/web\/wp-json\/wp\/v2\/types\/page"}],"author":[{"embeddable":true,"href":"https:\/\/zulmaprina.com.ar\/web\/wp-json\/wp\/v2\/users\/1"}],"replies":[{"embeddable":true,"href":"https:\/\/zulmaprina.com.ar\/web\/wp-json\/wp\/v2\/comments?post=8"}],"version-history":[{"count":12,"href":"https:\/\/zulmaprina.com.ar\/web\/wp-json\/wp\/v2\/pages\/8\/revisions"}],"predecessor-version":[{"id":220,"href":"https:\/\/zulmaprina.com.ar\/web\/wp-json\/wp\/v2\/pages\/8\/revisions\/220"}],"wp:attachment":[{"href":"https:\/\/zulmaprina.com.ar\/web\/wp-json\/wp\/v2\/media?parent=8"}],"curies":[{"name":"wp","href":"https:\/\/api.w.org\/{rel}","templated":true}]}}